er?
False
Suppose 4*o - 190705 = 39139. Is o composite?
True
Suppose o = 191*h - 192*h + 34657, o + 2*h = 34660. Is o composite?
True
Let a = 48186 + -27883. Is a a prime number?
False
Suppose -4*x + 1 = -7. Suppose 3*o - 2319 = -3*f, 0*o = 5*f - x*o - 3858. Suppose -1023 = -5*b + f. Is b a prime number?
True
Let b be ((-48)/(-9))/((-3)/(-18)*-2). Is (-4)/(b/(-5)) + (-41565)/(-20) a prime number?
False
Let j = 4313 + -10537. Let q = j + 12231. Is q composite?
False
Let u(m) = m**2 + 5*m - 49. Let z be u(-8). Is z/((-30)/6) - -221 a composite number?
True
Let m(g) = 925*g + 116. Let y = 333 - 328. Is m(y) composite?
True
Suppose f = -3*k + 2181442, 0 = -2*k - 3*f - 174961 + 1629258. Is k composite?
True
Let t(s) = -33*s**3 + 3*s**2 + 39*s + 183. Let a be t(-16). Is (8/(-10))/((-18)/a) a composite number?
True
Let l(c) = 257*c**2 - 96*c - 697. Is l(-24) prime?
False
Let y = 344418 - 16501. Is y a composite number?
False
Let q be 194/(((-2)/28)/((-204)/24)). Suppose 4*v - q = -2*f, -v - v = 2*f - 23088. Is f composite?
True
Let a = -16825 - -9026. Let u = a + 15732. Is u composite?
False
Suppose -101204 = -178*s + 174*s. Is s a composite number?
False
Let o be 26951 + (0 - 6) + (-1)/(-1). Suppose 2*v - 20*v = -o. Is v prime?
False
Let t(a) = 2*a**2 + 66*a + 4. Let j be t(-33). Is j/20 + 150102/15 a prime number?
True
Let w(f) = 10*f**2 + 6*f - 56. Let b be w(-10). Let k = 8838 + b. Is k a prime number?
False
Suppose 8*l - 9*l + 1225 = 5*g, -2*g + 3740 = 3*l. Suppose -5*x = -v + l + 3031, 0 = 2*v + 5*x - 8532. Is v prime?
True
Suppose 3*l - 122478 = 372152 - 129101. Is l a prime number?
True
Let n(h) = -h**3 + 85*h**2 + 29*h - 649. Is n(62) composite?
False
Let y = 136792 + 60009. Is y a prime number?
False
Suppose -4668 = 5*j - 8*j. Let r = 2115 + j. Is r a prime number?
True
Suppose -213792 = 8*m - 40*m. Suppose -5*j + m = -c, 2*j + c - 2686 = -2*c. Is j a composite number?
True
Let t be 6/(-4) - 213/(-2). Suppose -t = 5*j - 10600. Is j prime?
True
Let t = 613 + -588. Suppose 0 = -38*b + t*b + 7033. Is b composite?
False
Let q = -3426 + 6295. Suppose -4*v + q = 329. Is v a prime number?
False
Suppose -2*h + 14 = 5*t, 0*t - h = -3*t + 15. Suppose 5*y = -2*b + 88, 9 = -t*y - 5*b + 93. Let a(u) = u**2 + 10*u - 7. Is a(y) prime?
True
Suppose 0 = -5*z - 2*s + 7 + 33, -3*z + s = -13. Let h(b) = b**2 - 5*b - 2. Let t be h(z). Suppose 34 + 315 = v + 5*g, -5*g - 1446 = -t*v. Is v prime?
True
Let c(y) = 624*y**3 - 8*y**2 + 62*y + 3. Let d be c(5). Suppose -4*k + d = 3*k. Is k a composite number?
False
Suppose 5*u - 8*m = -7*m + 149703, -4*m - 119756 = -4*u. Is u composite?
True
Suppose -4*b + 20377 = -5*f, -4*b - 5*f + 20407 = -0*b. Is b a prime number?
False
Suppose 3*h + 2*p = -2*p + 72, -h = -3*p - 11. Suppose h*d - 20658 = 70562. Is d a composite number?
False
Let t = 142 - 150. Let v(j) = 2*j**2 + 4*j + 19. Is v(t) prime?
False
Is ((-10367982)/54)/((-12)/36) a prime number?
False
Let i be 4/(-16) + 8/(96/(-52425)). Let u = 8676 + i. Is u prime?
False
Let k(c) = 11*c - 12. Let y(v) = v**2 + 2*v - 1. Let i be y(-3). Suppose 2*p = 0, p - 12 = -2*g + i. Is k(g) composite?
True
Suppose -4*w + 3*o + 48141 = 0, 5*w - 2*o = 3*w + 24070. Suppose 5*z - w = -3491. Is z a composite number?
False
Let v = 18106 - 11664. Let q = v - -2191. Is q prime?
False
Let u be (0 + 49/2)/(4/8). Let f be 66/14 + -1 + 14/u. Suppose f*y - 6583 = 1021. Is y composite?
False
Let s = 125244 + -83753. Is s a composite number?
False
Let i(r) = 30*r**3 - 59*r**2 + 37*r + 95. Let a(f) = 6*f**3 - 12*f**2 + 7*f + 19. Let o(w) = -11*a(w) + 2*i(w). Is o(-8) prime?
False
Let d = -2823 - -53080. Is d prime?
False
Let t = 1842 - 852. Let w = t - 113. Is w a composite number?
False
Suppose 0 = -2*i + 5*t - 115, 4*t = -t - 15. Let b = -19 + i. Let f = 547 - b. Is f composite?
False
Let o = 3 + -9. Let c(j) = -131*j + 5. Is c(o) a prime number?
False
Suppose -5*m + 72 = -2*m. Let j = m + 174. Suppose -3*v = 4*y - j, 4*v = -4*y + 97 + 163. Is v prime?
False
Let c be 270/6*(-4)/(-6). Let i(g) = 4*g**2 - 7. Let n be i(9). Let x = n + c. Is x prime?
True
Let m(z) be the second derivative of z**4/6 + z**3/2 + z**2/2 - 26*z. Let d be m(-2). Suppose -8331 = -6*q + d*q. Is q composite?
False
Suppose 3*g - 24 = -5*g. Suppose -3*t = -g*d - 5*t - 1, 4*t + 29 = 3*d. Suppose y + 5*w = 64, -y - 2*y = -d*w - 228. Is y composite?
True
Let p(g) = -g**3 + 20*g**2 + 20*g + 51. Let v be p(21). Is ((-4098)/v)/(2/(-10)) a composite number?
False
Suppose 16*u - 361226 = 173286. Is u composite?
True
Let n be (-4 - -4)/3 - -10. Suppose 3*c - n*c = -5138. Suppose 3*h - 457 = c. Is h composite?
False
Let x = 967 + -985. Let m(o) = -o**3 - o**2. Let y(u) = -6*u**3 - 26*u**2 - 17*u + 13. Let p(n) = 5*m(n) - y(n). Is p(x) composite?
False
Let p = 36662 - -37047. Is p composite?
False
Suppose 251*m + 3090570 = 256*m - 5*h, 2472491 = 4*m + 3*h. Is m a prime number?
True
Let v be ((23 + -11)*2/(-6))/(-1). Suppose 15*n - 119909 = -v*n. Is n a composite number?
False
Suppose 0 = j - 4, -2*r = -3*r + j + 3800. Let k = r + 1049. Is k composite?
True
Let t be (490/(-7))/((6/(-2))/(-72)). Let r = t - -5374. Is r prime?
False
Suppose -3*y + 39 - 21 = 0. Is 6/y - (-2 - 262) composite?
True
Suppose -7*x = -10*x - g + 11, 18 = 4*x - 2*g. Suppose -k + 1396 = -l - 281, -x*l + 3330 = 2*k. Is k a prime number?
False
Suppose 9*p - 654475 = 689864. Is p prime?
True
Suppose 267*o = -250*o + 536*o - 20407729. Is o a prime number?
False
Is -1 - -1 - -2 - (-16726 - 455) a prime number?
True
Let n(w) = 4*w - 28. Let v be n(8). Suppose v*m + 5*t = 18, m + 2*t - 12 = -3*t. Is (m - (-2275)/(-2))/((-12)/24) a prime number?
False
Let t(c) = -807*c - 7. Let l(n) = 404*n + 3. Let s(f) = -13*l(f) - 6*t(f). Let k(o) = o + 26. Let g be k(-27). Is s(g) a prime number?
False
Let r = -58 + 44. Let t(j) = j**3 + 15*j**2 + 16*j + 18. Let n be t(r). Is (248/n)/((-4)/50) - 3 prime?
True
Suppose -3*x + i + 849638 = 0, -2*x + 2*i + 741788 = 175364. Is x a composite number?
True
Suppose -2*b + 0*b = -5*o - 4, -4*o = 3*b - 6. Suppose 0*z + 2*z - 18 = o. Is z/6*674/3 prime?
True
Suppose t + 0*t - 9 = -3*w, 2*w + 8 = 4*t. Suppose 3*d + w*k + 2129 = 0, -3*d + 5*k - 1551 = 571. Let g = d + 1090. Is g a composite number?
True
Suppose 0*v = 2*v + 28. Let h(y) = -2*y**3 - 21*y**2 - 4*y - 11. Let m be h(v). Let s = -680 + m. Is s composite?
True
Suppose -8*c = 9*c + 1394. Let d = c + 45. Let g = 116 + d. Is g a prime number?
True
Let k be 15 + -17 - (-5)/((-5)/(-68)). Is (-4)/((-16)/k)*7028/42 a composite number?
True
Let i = 51 + -41. Suppose j = -i + 261. Is j composite?
False
Let d be 75090/20*6/9. Is (-234)/(-42)*d - 2/7 prime?
False
Let a be (1/((-8)/(-12)))/(4/11256). Suppose 23156 = 7*u + a. Is u a prime number?
False
Suppose 0 = -12*i + 14*i - 1510. Let f = i - 544. Is f composite?
False
Suppose 166124 + 363925 = 39*c. Is c a prime number?
True
Let q = -15739 + 25391. Is q + 6*(44/8 + -5) a prime number?
False
Is 3696088/64 - 3/8 a prime number?
True
Suppose -3*q - 1894 = -2*i, -2*i + 634 = -2*q + q. Suppose 5*b = -4*v + 3558, 4*v - 2*b = -0*v + 3572. Let z = q + v. Is z composite?
True
Let d be (6/15)/(-1 + 12/10). Suppose -d*g = 2*l + 892, 4*g - g + 450 = -l. Let z = 479 - l. Is z a prime number?
False
Let h(u) = -70*u**3 + 25*u**2 + 49*u - 64. Let m(p) = 47*p**3 - 17*p**2 - 33*p + 43. Let d(z) = 5*h(z) + 7*m(z). Is d(-6) a composite number?
False
Let y = -12 + -9. Let t be (-1211)/y - (-10)/(-6). Let u = t + 3. Is u a composite number?
False
Suppose 16*c - 11*c + 6*l - 743827 = 0, 2*c - 3*l = 297520. Is c composite?
False
Let x(b) = -b + 19. Let q be x(14). Suppose 0 = 4*c - q*k - 2403, -c - 5*k - 1199 = -3*c. Suppose 2*o - 582 = -5*p, -4*p + 3*o = p - c. Is p prime?
False
Let n = -35032 + 156579. Is n composite?
False
Let a(y) = 46*y - 1. Let i be a(1). Let l = 49 - i. Suppose 35 + 1290 = 5*n + 5*t, n - l*t - 275 = 0. Is n prime?
False
Let u(t) = 1320*t - 22. Let g be u(4). Let x = -3439 + g. Is x composite?
True
Suppose 0 = -21*m + 24*m - 26331. Suppose -p + 20736 = -m. Is p a prime number?
False
Suppose 4*u = -28, -2*u = 49*l - 54*l + 997419. Is l a composite number?
True
Is (-354576)/(-5) + 4 - (-1 + 0)/(-5) composite?
False
Suppose 5*p + 20 = 3*p + 2*j, 3*